{"id":260,"date":"2017-05-31T23:18:59","date_gmt":"2017-05-31T22:18:59","guid":{"rendered":"http:\/\/www.bububee.cz\/?page_id=260"},"modified":"2018-01-07T23:50:00","modified_gmt":"2018-01-07T22:50:00","slug":"zapis-z-mimoradne-schuze-16-5-2017","status":"publish","type":"page","link":"https:\/\/www.bububee.cz\/index.php\/cinnost-spolku\/zpravy-ze-schuzi-vyboru\/zapisy-ze-chuzi-vyboru-v-roce-2017\/zapis-z-mimoradne-schuze-16-5-2017\/","title":{"rendered":"Z\u00e1pis z mimo\u0159\u00e1dn\u00e9 sch\u016fze 16. 5. 2017"},"content":{"rendered":"You must be logged in to view this content.","protected":false},"excerpt":{"rendered":"You must be logged in to view this content.","protected":false},"author":1,"featured_media":0,"parent":698,"menu_order":0,"comment_status":"closed","ping_status":"closed","template":"","meta":{"ngg_post_thumbnail":0,"footnotes":""},"_links":{"self":[{"href":"https:\/\/www.bububee.cz\/index.php\/wp-json\/wp\/v2\/pages\/260"}],"collection":[{"href":"https:\/\/www.bububee.cz\/index.php\/wp-json\/wp\/v2\/pages"}],"about":[{"href":"https:\/\/www.bububee.cz\/index.php\/wp-json\/wp\/v2\/types\/page"}],"author":[{"embeddable":true,"href":"https:\/\/www.bububee.cz\/index.php\/wp-json\/wp\/v2\/users\/1"}],"replies":[{"embeddable":true,"href":"https:\/\/www.bububee.cz\/index.php\/wp-json\/wp\/v2\/comments?post=260"}],"version-history":[{"count":2,"href":"https:\/\/www.bububee.cz\/index.php\/wp-json\/wp\/v2\/pages\/260\/revisions"}],"predecessor-version":[{"id":263,"href":"https:\/\/www.bububee.cz\/index.php\/wp-json\/wp\/v2\/pages\/260\/revisions\/263"}],"up":[{"embeddable":true,"href":"https:\/\/www.bububee.cz\/index.php\/wp-json\/wp\/v2\/pages\/698"}],"wp:attachment":[{"href":"https:\/\/www.bububee.cz\/index.php\/wp-json\/wp\/v2\/media?parent=260"}],"curies":[{"name":"wp","href":"https:\/\/api.w.org\/{rel}","templated":true}]}}