{"id":232,"date":"2017-05-31T21:07:13","date_gmt":"2017-05-31T21:07:13","guid":{"rendered":"http:\/\/www.bububee.cz\/?page_id=232"},"modified":"2025-02-02T09:19:22","modified_gmt":"2025-02-02T08:19:22","slug":"prihlaseni","status":"publish","type":"page","link":"https:\/\/www.bububee.cz\/index.php\/prihlaseni\/","title":{"rendered":"P\u0158IHL\u00c1SIT &#038; ODHL\u00c1SIT"},"content":{"rendered":"<p>VE\u0160KER\u00c9 INFORMACE PRO V\u010cELA\u0158E NA T\u011aCHTO STR\u00c1NK\u00c1CH JSOU VE\u0158EJN\u00c9 (BEZ P\u0158IHL\u00c1\u0160EN\u00cd). P\u0159ihl\u00e1\u0161en\u00ed slou\u017e\u00ed pouze pro spr\u00e1vce t\u011bchto webov\u00fdch str\u00e1nek. Je-li n\u011bkter\u00fd odkaz nep\u0159\u00edstupn\u00fd, pros\u00edm, kontaktujte spr\u00e1vce str\u00e1nek (M. Kubi\u010dkov\u00e1, tel.: 731 719 807, email: misajaros@seznam.cz).<\/p>\n<div id=\"wpmem_login\"><a id=\"login\"><\/a><form action=\"https:\/\/www.bububee.cz\/index.php\/prihlaseni\/\" method=\"POST\" id=\"wpmem_login_form\" class=\"form\"><input type=\"hidden\" id=\"_wpmem_login_nonce\" name=\"_wpmem_login_nonce\" value=\"dd64162125\" \/><input type=\"hidden\" name=\"_wp_http_referer\" value=\"\/index.php\/wp-json\/wp\/v2\/pages\/232\" \/><fieldset><legend>P\u0159ihl\u00e1\u0161en\u00ed u\u017eivatel\u016f<\/legend><label for=\"log\">U\u017eivatelsk\u00e9 jm\u00e9no nebo email<\/label><div class=\"div_text\"><input name=\"log\" type=\"text\" id=\"log\" value=\"\" class=\"username\" required  \/><\/div><label for=\"pwd\">Heslo<\/label><div class=\"div_text\"><input name=\"pwd\" type=\"password\" id=\"pwd\" class=\"password\" required  \/><\/div><input name=\"redirect_to\" type=\"hidden\" value=\"\/index.php\/wp-json\/wp\/v2\/pages\/232\" \/><input name=\"a\" type=\"hidden\" value=\"login\" \/><div class=\"button_div\"><input name=\"rememberme\" type=\"checkbox\" id=\"rememberme\" value=\"forever\" \/>&nbsp;<label for=\"rememberme\">Pamatovat si m\u011b<\/label>&nbsp;&nbsp;<input type=\"submit\" name=\"Submit\" value=\"P\u0159ihl\u00e1sit se\" class=\"buttons\" \/><\/div><\/fieldset><\/form><\/div>\n<div id=\"wpmem_login\"><a id=\"pwdreset\"><\/a><form action=\"https:\/\/www.bububee.cz\/index.php\/prihlaseni\/\" method=\"POST\" id=\"wpmem_pwdreset_form\" class=\"form\"><input type=\"hidden\" id=\"_wpmem_pwdreset_nonce\" name=\"_wpmem_pwdreset_nonce\" value=\"dd64162125\" \/><input type=\"hidden\" name=\"_wp_http_referer\" value=\"\/index.php\/wp-json\/wp\/v2\/pages\/232\" \/><fieldset><legend>Znovunastavit zapomenut\u00e9 heslo<\/legend><label for=\"user\">U\u017eivatelsk\u00e9 jm\u00e9no<\/label><div class=\"div_text\"><input name=\"user\" type=\"text\" id=\"user\" value=\"\" class=\"username\" required  \/><\/div><label for=\"email\">Email<\/label><div class=\"div_text\"><input name=\"email\" type=\"text\" id=\"email\" value=\"\" class=\"textbox\" required  \/><\/div><input name=\"redirect_to\" type=\"hidden\" value=\"\/index.php\/wp-json\/wp\/v2\/pages\/232\" \/><input name=\"a\" type=\"hidden\" value=\"pwdreset\" \/><input name=\"formsubmit\" type=\"hidden\" value=\"1\" \/><div class=\"button_div\"><input type=\"submit\" name=\"Submit\" value=\"Vytvo\u0159it nov\u00e9 heslo\" class=\"buttons\" \/><\/div><\/fieldset><\/form><\/div>\n","protected":false},"excerpt":{"rendered":"<p>VE\u0160KER\u00c9 INFORMACE PRO V\u010cELA\u0158E NA T\u011aCHTO STR\u00c1NK\u00c1CH JSOU VE\u0158EJN\u00c9 (BEZ P\u0158IHL\u00c1\u0160EN\u00cd). P\u0159ihl\u00e1\u0161en\u00ed slou\u017e\u00ed pouze pro spr\u00e1vce t\u011bchto webov\u00fdch str\u00e1nek. Je-li n\u011bkter\u00fd odkaz nep\u0159\u00edstupn\u00fd, pros\u00edm, kontaktujte spr\u00e1vce str\u00e1nek (M. Kubi\u010dkov\u00e1, tel.: 731 719 807, email: misajaros@seznam.cz).<\/p>\n","protected":false},"author":1,"featured_media":0,"parent":0,"menu_order":0,"comment_status":"closed","ping_status":"closed","template":"","meta":{"ngg_post_thumbnail":0,"footnotes":""},"_links":{"self":[{"href":"https:\/\/www.bububee.cz\/index.php\/wp-json\/wp\/v2\/pages\/232"}],"collection":[{"href":"https:\/\/www.bububee.cz\/index.php\/wp-json\/wp\/v2\/pages"}],"about":[{"href":"https:\/\/www.bububee.cz\/index.php\/wp-json\/wp\/v2\/types\/page"}],"author":[{"embeddable":true,"href":"https:\/\/www.bububee.cz\/index.php\/wp-json\/wp\/v2\/users\/1"}],"replies":[{"embeddable":true,"href":"https:\/\/www.bububee.cz\/index.php\/wp-json\/wp\/v2\/comments?post=232"}],"version-history":[{"count":10,"href":"https:\/\/www.bububee.cz\/index.php\/wp-json\/wp\/v2\/pages\/232\/revisions"}],"predecessor-version":[{"id":3426,"href":"https:\/\/www.bububee.cz\/index.php\/wp-json\/wp\/v2\/pages\/232\/revisions\/3426"}],"wp:attachment":[{"href":"https:\/\/www.bububee.cz\/index.php\/wp-json\/wp\/v2\/media?parent=232"}],"curies":[{"name":"wp","href":"https:\/\/api.w.org\/{rel}","templated":true}]}}