{"id":1258,"date":"2020-06-08T12:43:53","date_gmt":"2020-06-08T11:43:53","guid":{"rendered":"http:\/\/www.bububee.cz\/?page_id=1258"},"modified":"2020-06-08T19:54:51","modified_gmt":"2020-06-08T18:54:51","slug":"cinnost-vcelarskeho-krouzku","status":"publish","type":"page","link":"https:\/\/www.bububee.cz\/index.php\/vcelarsky-krouzek\/cinnost-vcelarskeho-krouzku\/","title":{"rendered":"\u010cinnost v\u010dela\u0159sk\u00e9ho krou\u017eku"},"content":{"rendered":"\n<p><strong>V\u010dela\u0159sk\u00fd krou\u017eek Nov\u00e9 Stra\u0161ec\u00ed<\/strong><\/p>\n\n\n\n<figure class=\"wp-block-image\"><img decoding=\"async\" loading=\"lazy\" width=\"300\" height=\"200\" src=\"http:\/\/www.bububee.cz\/wp-content\/uploads\/2020\/06\/1-300x200.jpg\" alt=\"\" class=\"wp-image-1230\" srcset=\"https:\/\/www.bububee.cz\/wp-content\/uploads\/2020\/06\/1-300x200.jpg 300w, https:\/\/www.bububee.cz\/wp-content\/uploads\/2020\/06\/1-768x512.jpg 768w, https:\/\/www.bububee.cz\/wp-content\/uploads\/2020\/06\/1-1024x682.jpg 1024w, https:\/\/www.bububee.cz\/wp-content\/uploads\/2020\/06\/1-676x451.jpg 676w, https:\/\/www.bububee.cz\/wp-content\/uploads\/2020\/06\/1.jpg 1385w\" sizes=\"(max-width: 300px) 100vw, 300px\" \/><\/figure>\n\n\n\n<p><em>D\u011bkujeme za V\u00e1\u0161 z\u00e1jem o \u010dinnost na\u0161eho stra\u0161eck\u00e9ho v\u010dela\u0159sk\u00e9ho krou\u017eku. R\u00e1di bychom V\u00e1s v&nbsp;tomto let\u00e1\u010dku sezn\u00e1mili s&nbsp;t\u00edm, jak n\u00e1\u0161 krou\u017eek funguje, co je nov\u00e9ho, ale i co m\u00e1me za sebou.<\/em><\/p>\n\n\n\n<p><strong>Jak to za\u010dalo<\/strong><\/p>\n\n\n\n<p>\u010casto a r\u00e1di vzpom\u00edn\u00e1me na \u00fapln\u00e9 po\u010d\u00e1tky na\u0161eho krou\u017eku, kter\u00fd zah\u00e1jil svou \u010dinnost v&nbsp;roce 2016. Se\u0161li jsme se tehdy ve \u0161kole, v&nbsp;b\u00fdval\u00fdch kuchy\u0148k\u00e1ch, kde se konala prvn\u00ed sch\u016fzka. Sezn\u00e1mili jsme se s&nbsp;na\u0161imi u\u010diteli, panem Ji\u0159\u00edm Hubkou a&nbsp;pan\u00ed Radkou \u0160t\u00fdbrovou, od nich\u017e jsme se dozv\u011bd\u011bli, jak bude krou\u017eek prob\u00edhat a co se budeme u\u010dit. Nejprve jsme se u\u010dili o \u017eivot\u011b v\u010dely a jej\u00edm v\u00fdznamu pro p\u0159\u00edrodu a pro \u010dlov\u011bka, nav\u0161t\u011bvovali jsme m\u00edstn\u00ed v\u010dela\u0159e, pracovali s voskem a&nbsp;podnikali r\u016fzn\u00e9 tematick\u00e9 v\u00fdlety.<\/p>\n\n\n\n<p>Asi po roce jsme z\u00edskali mo\u017enost za\u010d\u00edt vyu\u017e\u00edvat mal\u00fd domek v&nbsp;ulici Fortna jako na\u0161i klubovnu. Kdy\u017e jsme v\u0161ak do n\u011bj poprv\u00e9 vstoupili, byli jsme trochu zasko\u010den\u00ed.<\/p>\n\n\n\n<figure class=\"wp-block-image\"><img decoding=\"async\" loading=\"lazy\" width=\"300\" height=\"200\" src=\"http:\/\/www.bububee.cz\/wp-content\/uploads\/2020\/06\/2-300x200.jpg\" alt=\"\" class=\"wp-image-1231\" srcset=\"https:\/\/www.bububee.cz\/wp-content\/uploads\/2020\/06\/2-300x200.jpg 300w, https:\/\/www.bububee.cz\/wp-content\/uploads\/2020\/06\/2-768x512.jpg 768w, https:\/\/www.bububee.cz\/wp-content\/uploads\/2020\/06\/2-1024x682.jpg 1024w, https:\/\/www.bububee.cz\/wp-content\/uploads\/2020\/06\/2-676x451.jpg 676w, https:\/\/www.bububee.cz\/wp-content\/uploads\/2020\/06\/2.jpg 1385w\" sizes=\"(max-width: 300px) 100vw, 300px\" \/><\/figure>\n\n\n\n<p><strong>Klubovna na Fortn\u011b<\/strong><\/p>\n\n\n\n<p>Prvn\u00ed pohled na dome\u010dek s&nbsp;opadanou om\u00edtkou na n\u00e1s nep\u016fsobil zrovna p\u0159ita\u017eliv\u00fdm dojmem, ale ut\u011b\u0161ovalo n\u00e1s, \u017ee zevnit\u0159 to bude jist\u011b mnohem lep\u0161\u00ed. Sotva se n\u00e1m v\u0161ak s&nbsp;obt\u00ed\u017eemi poda\u0159ilo otev\u0159\u00edt vstupn\u00ed dve\u0159e, ocitli jsme se ve star\u00e9 chodb\u011b, kterou u\u017e l\u00e9ta ob\u00fdvali pavouci a z&nbsp;prorezav\u011bl\u00e9 schr\u00e1nky na dve\u0159\u00edch se na n\u00e1s vysypala hora volebn\u00edch let\u00e1k\u016f. Dal\u0161\u00ed dv\u011b m\u00edstnosti u\u017e ale vypadaly l\u00e9pe, proto\u017ee byly vyklizen\u00e9 a vyb\u00edlen\u00e9. Dve\u0159e vedouc\u00ed na zahradu jsme museli vylomit, ale p\u0159es ke\u0159e a zele\u0148 jsme se ani nemohli dostat ven. Dohodli jsme se, \u017ee p\u0159\u00ed\u0161t\u00ed sch\u016fzku za\u010dneme s&nbsp;rekonstrukc\u00ed.<\/p>\n\n\n\n<p><strong>Rekonstrukce klubovny<\/strong><\/p>\n\n\n\n<p>Dal\u0161\u00ed sch\u016fzky jsme se v\u011bnovali hlavn\u011b vykl\u00edzen\u00ed a k\u00e1cen\u00ed na\u0161\u00ed zarostl\u00e9 zahrady. Pod rostlinami jsme objevili nap\u0159\u00edklad dv\u011b komory pln\u00e9 star\u00fdch, rezav\u00fdch sekyr, no\u017e\u016f a pil, kter\u00e9 jsme museli odn\u00e9st do \u0161rotu. Komory jsme s&nbsp;pomoc\u00ed m\u011bsta nechali zbo\u0159it a z\u016fstaly jen z\u00e1klady. Na nich bychom si r\u00e1di postavili vlastn\u00ed med\u00e1rnu.<\/p>\n\n\n\n<p>Pak jsme nakoupili v\u0161echny pot\u0159ebn\u00e9 v\u010dela\u0159sk\u00e9 pom\u016fcky a za\u010dali se trochu zabydlovat. Polo\u017eili jsme koberec, sestavili pracovn\u00ed stoly a&nbsp;opravili chodbu. Klubovna zevnit\u0159 moc prokoukla a dnes se do n\u00ed v\u017edy t\u011b\u0161\u00edme.<\/p>\n\n\n\n<figure class=\"wp-block-image\"><img decoding=\"async\" loading=\"lazy\" width=\"300\" height=\"209\" src=\"http:\/\/www.bububee.cz\/wp-content\/uploads\/2020\/06\/3-300x209.jpg\" alt=\"\" class=\"wp-image-1232\" srcset=\"https:\/\/www.bububee.cz\/wp-content\/uploads\/2020\/06\/3-300x209.jpg 300w, https:\/\/www.bububee.cz\/wp-content\/uploads\/2020\/06\/3-768x535.jpg 768w, https:\/\/www.bububee.cz\/wp-content\/uploads\/2020\/06\/3-1024x713.jpg 1024w, https:\/\/www.bububee.cz\/wp-content\/uploads\/2020\/06\/3-676x471.jpg 676w, https:\/\/www.bububee.cz\/wp-content\/uploads\/2020\/06\/3.jpg 1388w\" sizes=\"(max-width: 300px) 100vw, 300px\" \/><\/figure>\n\n\n\n<p><strong>Na\u0161e v\u010dely<\/strong><\/p>\n\n\n\n<p>Po d\u016fkladn\u00fdch p\u0159\u00edprav\u00e1ch jsme se kone\u010dn\u011b mohli p\u0159esunout k&nbsp;praxi \u2013 ke v\u010dela\u0159en\u00ed. Koupili jsme pot\u0159ebn\u00e9 pom\u016fcky, dostali v\u010dela\u0159sk\u00e9 obleky i s klobouky a za\u010dali chystat v\u0161e nutn\u00e9 pro po\u0159\u00edzen\u00ed vlastn\u00edch v\u010delstev. Nat\u0159eli jsme podstavce i \u00faly, nau\u010dili se stloukat r\u00e1mky a p\u0159ipravili mezist\u011bny. Po\u0159\u00eddili jsme do nich na\u0161e prvn\u00ed dv\u011b v\u010delstva. Jedno velk\u00e9 v\u010delstvo jsme pozd\u011bji rozd\u011blili na dv\u011b a do nov\u011b vznikl\u00e9ho jsme po\u0159\u00eddili z&nbsp;brusu novou matku. V&nbsp;sou\u010dasn\u00e9 dob\u011b tedy m\u00e1me t\u0159i \u00faly a t\u0159i v\u010delstva. I&nbsp;n\u00e1\u0161 krou\u017eek se rozrostl a rozd\u011blil na dv\u011b skupiny, abychom mohli l\u00e9pe pracovat se v\u010delami v&nbsp;men\u0161\u00edch skupin\u00e1ch pod veden\u00edm pana Ji\u0159\u00ed Hubky a pana Du\u0161ana M\u00fcllera.<\/p>\n\n\n\n<p>Minul\u00e9 l\u00e9to jsme tak poprv\u00e9 st\u00e1\u010deli vlastn\u00ed med \u2013 k&nbsp;tomu \u00fa\u010delu m\u00e1me i&nbsp;vlastn\u00ed medomet. V\u011b\u0159\u00edme, \u017ee \u010dasem budeme m\u00edt vlastn\u00edho medu st\u00e1le v\u00edce a na r\u016fzn\u00fdch akc\u00edch m\u011bsta budeme nab\u00edzet med p\u0159\u00edmo od na\u0161ich stra\u0161eck\u00fdch v\u010del.<\/p>\n\n\n\n<figure class=\"wp-block-image\"><img decoding=\"async\" loading=\"lazy\" width=\"300\" height=\"200\" src=\"http:\/\/www.bububee.cz\/wp-content\/uploads\/2020\/06\/4-300x200.jpg\" alt=\"\" class=\"wp-image-1233\" srcset=\"https:\/\/www.bububee.cz\/wp-content\/uploads\/2020\/06\/4-300x200.jpg 300w, https:\/\/www.bububee.cz\/wp-content\/uploads\/2020\/06\/4-768x512.jpg 768w, https:\/\/www.bububee.cz\/wp-content\/uploads\/2020\/06\/4-1024x682.jpg 1024w, https:\/\/www.bububee.cz\/wp-content\/uploads\/2020\/06\/4-676x451.jpg 676w, https:\/\/www.bububee.cz\/wp-content\/uploads\/2020\/06\/4.jpg 1385w\" sizes=\"(max-width: 300px) 100vw, 300px\" \/><\/figure>\n\n\n\n<p><strong>Fotografie na\u0161ich \u010dinnost\u00ed ze \u0161koln\u00edho roku 2019\/2020 naleznete na raj\u010deti v\u00a0odkazu : <a href=\"https:\/\/vcelarskykrouzekns.rajce.idnes.cz\/\" target=\"_blank\" rel=\"noreferrer noopener\">ZDE<\/a><\/strong><\/p>\n\n\n\n<p>Text a foto: Metod\u011bj Slav\u00edk<\/p>\n","protected":false},"excerpt":{"rendered":"<p>V\u010dela\u0159sk\u00fd krou\u017eek Nov\u00e9 Stra\u0161ec\u00ed D\u011bkujeme za V\u00e1\u0161 z\u00e1jem o \u010dinnost na\u0161eho stra\u0161eck\u00e9ho v\u010dela\u0159sk\u00e9ho krou\u017eku. R\u00e1di bychom V\u00e1s v&nbsp;tomto let\u00e1\u010dku sezn\u00e1mili s&nbsp;t\u00edm, jak n\u00e1\u0161 krou\u017eek funguje, co je nov\u00e9ho, ale i co m\u00e1me za sebou. Jak to za\u010dalo \u010casto a r\u00e1di vzpom\u00edn\u00e1me na \u00fapln\u00e9 po\u010d\u00e1tky na\u0161eho krou\u017eku, kter\u00fd zah\u00e1jil svou \u010dinnost v&nbsp;roce 2016. Se\u0161li jsme se [&hellip;]<\/p>\n","protected":false},"author":18,"featured_media":0,"parent":6,"menu_order":1,"comment_status":"closed","ping_status":"closed","template":"","meta":{"ngg_post_thumbnail":0,"footnotes":""},"_links":{"self":[{"href":"https:\/\/www.bububee.cz\/index.php\/wp-json\/wp\/v2\/pages\/1258"}],"collection":[{"href":"https:\/\/www.bububee.cz\/index.php\/wp-json\/wp\/v2\/pages"}],"about":[{"href":"https:\/\/www.bububee.cz\/index.php\/wp-json\/wp\/v2\/types\/page"}],"author":[{"embeddable":true,"href":"https:\/\/www.bububee.cz\/index.php\/wp-json\/wp\/v2\/users\/18"}],"replies":[{"embeddable":true,"href":"https:\/\/www.bububee.cz\/index.php\/wp-json\/wp\/v2\/comments?post=1258"}],"version-history":[{"count":3,"href":"https:\/\/www.bububee.cz\/index.php\/wp-json\/wp\/v2\/pages\/1258\/revisions"}],"predecessor-version":[{"id":1271,"href":"https:\/\/www.bububee.cz\/index.php\/wp-json\/wp\/v2\/pages\/1258\/revisions\/1271"}],"up":[{"embeddable":true,"href":"https:\/\/www.bububee.cz\/index.php\/wp-json\/wp\/v2\/pages\/6"}],"wp:attachment":[{"href":"https:\/\/www.bububee.cz\/index.php\/wp-json\/wp\/v2\/media?parent=1258"}],"curies":[{"name":"wp","href":"https:\/\/api.w.org\/{rel}","templated":true}]}}

Činnost včelařského kroužku

<p><strong>Včelařský kroužek Nové Strašecí</strong></p>



<figure class="wp-block-image"><img decoding="async" loading="lazy" width="300" height="200" src="http://www.bububee.cz/wp-content/uploads/2020/06/1-300x200.jpg" alt="" class="wp-image-1230" srcset="https://www.bububee.cz/wp-content/uploads/2020/06/1-300x200.jpg 300w, https://www.bububee.cz/wp-content/uploads/2020/06/1-768x512.jpg 768w, https://www.bububee.cz/wp-content/uploads/2020/06/1-1024x682.jpg 1024w, https://www.bububee.cz/wp-content/uploads/2020/06/1-676x451.jpg 676w, https://www.bububee.cz/wp-content/uploads/2020/06/1.jpg 1385w" sizes="(max-width: 300px) 100vw, 300px" /></figure>



<p><em>Děkujeme za Váš zájem o činnost našeho strašeckého včelařského kroužku. Rádi bychom Vás v&nbsp;tomto letáčku seznámili s&nbsp;tím, jak náš kroužek funguje, co je nového, ale i co máme za sebou.</em></p>



<p><strong>Jak to začalo</strong></p>



<p>Často a rádi vzpomínáme na úplné počátky našeho kroužku, který zahájil svou činnost v&nbsp;roce 2016. Sešli jsme se tehdy ve škole, v&nbsp;bývalých kuchyňkách, kde se konala první schůzka. Seznámili jsme se s&nbsp;našimi učiteli, panem Jiřím Hubkou a&nbsp;paní Radkou Štýbrovou, od nichž jsme se dozvěděli, jak bude kroužek probíhat a co se budeme učit. Nejprve jsme se učili o životě včely a jejím významu pro přírodu a pro člověka, navštěvovali jsme místní včelaře, pracovali s voskem a&nbsp;podnikali různé tematické výlety.</p>



<p>Asi po roce jsme získali možnost začít využívat malý domek v&nbsp;ulici Fortna jako naši klubovnu. Když jsme však do něj poprvé vstoupili, byli jsme trochu zaskočení.</p>



<figure class="wp-block-image"><img decoding="async" loading="lazy" width="300" height="200" src="http://www.bububee.cz/wp-content/uploads/2020/06/2-300x200.jpg" alt="" class="wp-image-1231" srcset="https://www.bububee.cz/wp-content/uploads/2020/06/2-300x200.jpg 300w, https://www.bububee.cz/wp-content/uploads/2020/06/2-768x512.jpg 768w, https://www.bububee.cz/wp-content/uploads/2020/06/2-1024x682.jpg 1024w, https://www.bububee.cz/wp-content/uploads/2020/06/2-676x451.jpg 676w, https://www.bububee.cz/wp-content/uploads/2020/06/2.jpg 1385w" sizes="(max-width: 300px) 100vw, 300px" /></figure>



<p><strong>Klubovna na Fortně</strong></p>



<p>První pohled na domeček s&nbsp;opadanou omítkou na nás nepůsobil zrovna přitažlivým dojmem, ale utěšovalo nás, že zevnitř to bude jistě mnohem lepší. Sotva se nám však s&nbsp;obtížemi podařilo otevřít vstupní dveře, ocitli jsme se ve staré chodbě, kterou už léta obývali pavouci a z&nbsp;prorezavělé schránky na dveřích se na nás vysypala hora volebních letáků. Další dvě místnosti už ale vypadaly lépe, protože byly vyklizené a vybílené. Dveře vedoucí na zahradu jsme museli vylomit, ale přes keře a zeleň jsme se ani nemohli dostat ven. Dohodli jsme se, že příští schůzku začneme s&nbsp;rekonstrukcí.</p>



<p><strong>Rekonstrukce klubovny</strong></p>



<p>Další schůzky jsme se věnovali hlavně vyklízení a kácení naší zarostlé zahrady. Pod rostlinami jsme objevili například dvě komory plné starých, rezavých sekyr, nožů a pil, které jsme museli odnést do šrotu. Komory jsme s&nbsp;pomocí města nechali zbořit a zůstaly jen základy. Na nich bychom si rádi postavili vlastní medárnu.</p>



<p>Pak jsme nakoupili všechny potřebné včelařské pomůcky a začali se trochu zabydlovat. Položili jsme koberec, sestavili pracovní stoly a&nbsp;opravili chodbu. Klubovna zevnitř moc prokoukla a dnes se do ní vždy těšíme.</p>



<figure class="wp-block-image"><img decoding="async" loading="lazy" width="300" height="209" src="http://www.bububee.cz/wp-content/uploads/2020/06/3-300x209.jpg" alt="" class="wp-image-1232" srcset="https://www.bububee.cz/wp-content/uploads/2020/06/3-300x209.jpg 300w, https://www.bububee.cz/wp-content/uploads/2020/06/3-768x535.jpg 768w, https://www.bububee.cz/wp-content/uploads/2020/06/3-1024x713.jpg 1024w, https://www.bububee.cz/wp-content/uploads/2020/06/3-676x471.jpg 676w, https://www.bububee.cz/wp-content/uploads/2020/06/3.jpg 1388w" sizes="(max-width: 300px) 100vw, 300px" /></figure>



<p><strong>Naše včely</strong></p>



<p>Po důkladných přípravách jsme se konečně mohli přesunout k&nbsp;praxi – ke včelaření. Koupili jsme potřebné pomůcky, dostali včelařské obleky i s klobouky a začali chystat vše nutné pro pořízení vlastních včelstev. Natřeli jsme podstavce i úly, naučili se stloukat rámky a připravili mezistěny. Pořídili jsme do nich naše první dvě včelstva. Jedno velké včelstvo jsme později rozdělili na dvě a do nově vzniklého jsme pořídili z&nbsp;brusu novou matku. V&nbsp;současné době tedy máme tři úly a tři včelstva. I&nbsp;náš kroužek se rozrostl a rozdělil na dvě skupiny, abychom mohli lépe pracovat se včelami v&nbsp;menších skupinách pod vedením pana Jiří Hubky a pana Dušana Müllera.</p>



<p>Minulé léto jsme tak poprvé stáčeli vlastní med – k&nbsp;tomu účelu máme i&nbsp;vlastní medomet. Věříme, že časem budeme mít vlastního medu stále více a na různých akcích města budeme nabízet med přímo od našich strašeckých včel.</p>



<figure class="wp-block-image"><img decoding="async" loading="lazy" width="300" height="200" src="http://www.bububee.cz/wp-content/uploads/2020/06/4-300x200.jpg" alt="" class="wp-image-1233" srcset="https://www.bububee.cz/wp-content/uploads/2020/06/4-300x200.jpg 300w, https://www.bububee.cz/wp-content/uploads/2020/06/4-768x512.jpg 768w, https://www.bububee.cz/wp-content/uploads/2020/06/4-1024x682.jpg 1024w, https://www.bububee.cz/wp-content/uploads/2020/06/4-676x451.jpg 676w, https://www.bububee.cz/wp-content/uploads/2020/06/4.jpg 1385w" sizes="(max-width: 300px) 100vw, 300px" /></figure>



<p><strong>Fotografie našich činností ze školního roku 2019/2020 naleznete na rajčeti v odkazu : <a href="https://vcelarskykrouzekns.rajce.idnes.cz/" target="_blank" rel="noreferrer noopener">ZDE</a></strong></p>



<p>Text a foto: Metoděj Slavík</p>

<p>Včelařský kroužek Nové Strašecí Děkujeme za Váš zájem o činnost našeho strašeckého včelařského kroužku. Rádi bychom Vás v&nbsp;tomto letáčku seznámili s&nbsp;tím, jak náš kroužek funguje, co je nového, ale i co máme za sebou. Jak to začalo Často a rádi vzpomínáme na úplné počátky našeho kroužku, který zahájil svou činnost v&nbsp;roce 2016. Sešli jsme se [&hellip;]</p>
